t of l?
3
Suppose 5*u = -n + 69813, -6 = 4*n - 18. What is the tens digit of u?
6
Suppose 81903 = 5*p + 6*p - 25083. What is the tens digit of p?
2
What is the hundreds digit of (-1)/(-5) - (-17173568)/1160?
8
Suppose 1491 = 2*z - 259. Let q = -484 + z. Let g = q + -226. What is the units digit of g?
5
Let j(c) = 15*c + 10. Let f be j(-2). Let v be (-8)/(-3)*2/(f/(-15)). Suppose -5*q + 444 = v*u, 3*u = 4*q - 5*q + 80. What is the units digit of q?
2
Let x(z) = -319*z - 86. Let w be x(5). Let f = 2848 + w. What is the thousands digit of f?
1
Let h(v) = -118*v**3 - 11*v**2 + 100*v + 465. What is the tens digit of h(-5)?
4
Let j(r) = 433*r**3 + 7*r**2 - 9*r + 9. What is the hundreds digit of j(2)?
4
Suppose -o + 2*u + 5836 = 0, 11708 = 528*o - 526*o + 2*u. What is the tens digit of o?
4
What is the units digit of 2/12*-997*88950/(-593)?
5
Suppose 5*m = -h - 70, 0*h + 4*m = -2*h - 122. Let n = h - -63. What is the units digit of (-483)/(-28)*n/3?
6
Suppose -121*w = -98*w - 607680 + 235908. What is the units digit of w?
4
Let a(c) = 36*c + 59. Let m = -31 - -42. What is the tens digit of a(m)?
5
Let m(r) = 2*r**3 - 9*r**2 + 4*r - 4. Let k be m(4). Let g be (-21)/(-12) + k/(-16). What is the units digit of g - (-43 + -3 + 2)?
6
Let g(k) = 45*k**2 + 14*k + 207. Let v be g(-15). Suppose 6*a - v = -3798. What is the units digit of a?
4
Let f = 239 - -206. Let k(t) = -467 - 6*t + 892 - f. What is the units digit of k(-8)?
8
Suppose 0 = -n + 7 - 3. Suppose 0*b + n = 2*b. Suppose 84 = b*t + 6. What is the tens digit of t?
3
Suppose 5*g = -4*x + 57, -3*g + 19 = 4*x - 28. Suppose 5*u = 3*m - x*m + 3670, 2200 = 3*m + 4*u. What is the hundreds digit of m?
7
Let z(b) = 18*b + 188. Let r be z(-9). Suppose -5*w = 2*k - 66, k = -4*w + r + 7. What is the units digit of k?
3
What is the units digit of ((-56)/(-16) - 1)/(10/12872)?
8
Let r(w) = 65*w - 13937. Let l be r(0). What is the units digit of (l/21)/(10/(-30))?
1
What is the hundreds digit of (40/(-16))/(134/24 - 6) + 12292?
2
Let b = -9206 + 27200. What is the tens digit of b?
9
Let f = 9239 + 5388. What is the ten thousands digit of f?
1
Let p = 2 + 5. Let s(k) = k**3 - 12*k**2 + 10*k + 17. Let j be s(p). Let o = 254 + j. What is the tens digit of o?
9
Let m = -293 + -447. Suppose -b - 5*k = -4*b - 10, 4*k - 8 = 5*b. What is the tens digit of (-1*(-3 - b))/((-60)/m)?
3
Suppose -228*t - 1512 = -237*t. What is the units digit of t + (2 - (-35)/(-5))?
3
Suppose -1963 = -6*b + 845. Suppose b = v + 164. What is the hundreds digit of v?
3
Let w = 679 - 675. Suppose 389 = 5*t - w*z - 718, t - 231 = 4*z. What is the units digit of t?
9
Let k(d) = 3*d**3 + 3*d**2 - d + 11. Let j be k(4). What is the units digit of j/39*(-1 - -34)?
9
Let k(x) = 4*x - 6*x + 28 - 6*x + 12*x. Let t be k(-3). Let j(i) = i**3 - 16*i**2 + 7*i - 27. What is the units digit of j(t)?
5
Suppose 20*x - 15*x - 35 = 0. Suppose -855 = -l + m, -2*l + x*l - 3*m = 4275. What is the hundreds digit of l?
8
Suppose -5*z - 10 = -5*k - 10*z, 3*k - z = 18. Let s(q) = -q**3 + 7*q - 3 + 5*q**2 + q**2 - 2. What is the units digit of s(k)?
5
Suppose 7*b - 9*b + 548 = m, b = -2*m + 1111. Let a = -130 + m. What is the units digit of a?
8
Let c = -227 + 249. Suppose 363 = 11*n - c. What is the tens digit of n?
3
Let a(c) = 6*c - 8. Let n be a(2). Suppose -1990 = m + n*m. Let k = -179 - m. What is the units digit of k?
9
Let d = -5050 + 11469. Suppose 8*i = i + d. What is the units digit of i?
7
Let d(q) = 76*q + 1. Suppose -3 = -p - 2*p. Let i be d(p). What is the units digit of i - 4/(-12)*-6?
5
Suppose 0 = 3*p + 5*u - 64, 3*p - u - 23 = 29. Suppose 1230 = 20*v - p*v. What is the tens digit of v?
1
Let k be ((-9 - -8) + -2 + 4)*0. Suppose 120*l - 116*l - 6492 = k. What is the thousands digit of l?
1
Suppose h - 39 + 31 = 0. Suppose 5*a + 1506 = h*a. What is the units digit of a?
2
Let k(m) = 2*m**2 - 4*m + 14. Let s(w) = -w**2 + 5*w - 13. Let h(p) = 2*k(p) + 3*s(p). Let l be h(-7). What is the units digit of (-6)/(-4)*l/(132/(-296))?
7
What is the hundreds digit of (6654*(-4)/(-72))/((10/(-24))/(-5))?
4
Suppose -1580 - 4982 = -5*h + 3*y, 3*h = 5*y + 3934. What is the tens digit of h?
1
Let n = -126 + -6. Let w be n/10 + 4/20. Let z = 95 + w. What is the tens digit of z?
8
Let m = 118614 + -68568. What is the units digit of m?
6
Let k(z) = -2*z**3 + 2*z**2 - 2. Let y(l) = -8*l - 101. Let s be y(-12). What is the hundreds digit of k(s)?
2
Suppose -75 - 393 = -9*n. Suppose n*f - 7056 = 40*f. What is the units digit of f?
8
Suppose 3*y + 9 = 0, 3*b + y + 5 = 2*b. Let z be 0 + (-1)/b + (-15)/(-6). Suppose 932 - 245 = z*q. What is the units digit of q?
9
What is the ten thousands digit of 1395/1860 - 250266/(-8)?
3
Suppose 18 = h + 23, 2*h - 9528 = -2*p. What is the hundreds digit of p?
7
Let v(q) = -1306*q - 906. What is the units digit of v(-5)?
4
Let y = -22 - -26. Suppose m + y = 0, 3*c + 6 = 8*c - 4*m. What is the tens digit of 4/c - (-2 + 3) - -56?
5
Let f(s) = 224*s**2 - 10*s + 30. Let j be f(3). Suppose 24*u - 17*u = j. What is the units digit of u?
8
Suppose -7*l - 7*l = -7*l - 57463. What is the hundreds digit of l?
2
Let u = -1592 + 2251. Let l = u + -521. What is the hundreds digit of l?
1
Let c(v) be the third derivative of -v**4/4 - 5*v**3/3 - 15*v**2. Let f be c(-5). Suppose f*k + 28 = 24*k. What is the units digit of k?
7
Let u be 1/(-12)*-33 - 1/(-4). Suppose 4*l - 18 = u*z + 16, z - 33 = -5*l. Suppose 146 = 9*o - l*o. What is the units digit of o?
3
Suppose 0 = -20*v - 1626 - 294. Let y = 48 - v. What is the tens digit of y?
4
Suppose -4*s = 5*v - 13513 - 11697, s - 4*v - 6313 = 0. What is the units digit of s?
5
Let q = 142 - -189. Let n = q - -44. What is the tens digit of n?
7
Let h be -1 - (-232 + (5 - 2)). Suppose 4*d - 4*n = -2 + 6, -2*d + 5*n = 4. Suppose 6*b - d*b - h = 0. What is the units digit of b?
6
Let n(b) = 327*b**3 - b**2 + 4. Let p be n(2). Suppose 17*h = 2926 + p. What is the units digit of h?
6
Let n(p) = 8*p**2 - 54*p + 1819. What is the hundreds digit of n(59)?
4
Suppose 0 = -6*z + 3*z + 15. Suppose 2*l = 5*k + 9 + z, 0 = 3*l + 2*k - 2. Suppose -326 = -0*f - l*f. What is the units digit of f?
3
Let v be (32/(-8) - -6)*(-26)/(-4). Suppose 2*w + 3729 = v*w. Suppose 233 + w = 4*p. What is the units digit of p?
3
Let v = 301 + -297. What is the units digit of (13/(-65))/(v/(-120))?
6
Suppose -3*m - 412 = -4*l, -5*m + 2*l - 5*l - 677 = 0. Let k = m + 256. What is the hundreds digit of 1/(-2)*15/(k/(-2528))?
1
Suppose 2*z - 4*z + 182 = 0. Suppose 4*b - 209 = z. What is the tens digit of b?
7
Let g(x) = x**2 + 227*x + 5429. What is the units digit of g(0)?
9
Suppose 0 = 2*i - 4*i - 2*n + 27086, 4*i - 2*n = 54160. What is the hundreds digit of i?
5
Let g(o) = 2*o**2 - o + 2079. Let l be g(0). Suppose l = -12*s + s. Let c = 388 + s. What is the units digit of c?
9
Let d(g) = -g**3 - 114*g**2 + 543*g + 355. What is the units digit of d(-119)?
3
Let y(l) = 5361*l**2 - 82*l - 244. What is the hundreds digit of y(-3)?
2
Let q be (-8)/(-12)*(4/8 - -4). Suppose 5*k + 2*g + 2*g = -86, -q*k + g = 55. What is the units digit of 1 - (1580/k - (-2)/(-9))?
9
Let g(q) = -97*q**3 - q**2 + 16*q - 1. What is the units digit of g(-4)?
7
Let j = 102 - 95. Suppose 4*v + j*c - 1912 = 11*c, v - 493 = 4*c. What is the tens digit of v?
7
Suppose -33*b + 30*b = 1236. Let p = b + 749. What is the units digit of p?
7
Let x = -239 - -242. Suppose 2*h - b - 460 = 0, h + x*b - 412 = -168. What is the units digit of h?
2
Let r be (-54)/(-4)*(-2585 - 55). What is the tens digit of (-2)/7 - (r/21)/4?
2
Suppose -183*q = -85*q - 82*q - 169536. What is the hundreds digit of q?
5
Let y(i) = -21 + 37 - 35*i + 10 - 52*i. What is the units digit of y(-8)?
2
Suppose -6*g = -10*g + 16. Suppose 0 - g = -f. What is the tens digit of (294/12)/(1/f)?
9
Suppose 58*r = 90*r - 52*r + 32500. What is the hundreds digit of r?
6
Let u be (-918)/(-3) - (-5 - -5)/3. Suppose 19*y = 10*y + u. What is the units digit of y?
4
Suppose 0 = -1601*l + 1623*l - 590832. What is the hundreds digit of l?
8
Let o be (8/6)/(-2) - (-84)/(-36). Let a be (25 - (0 + 2))*(o - -4). Let f = a - -80. What is the units digit of f?
3
Let y = -12922 + 14488. What is the hundreds digit of y?
5
Suppose -20 = -35